What is the highest common divisor of s and 18?
6
Suppose 4*o + 3*p - 72 = 0, o + 13 = 2*o + 2*p. Let s(d) = d**3 + 3*d - 1. Let q be s(2). Let y = o - q. Calculate the greatest common factor of y and 72.
8
Let c(s) = 26*s**2 + 57*s - 148. Let u be c(11). Calculate the highest common divisor of u and 29.
29
Let q be (-3 - -1)/((-2)/(-16)*-4). Suppose q*f + 42 = 210. Calculate the highest common divisor of f and 105.
21
Suppose -a = 2*i + 17 - 5, 4*i + 6 = a. Let z = 41 - 35. Let l be ((-9)/z)/(a/112). What is the highest common factor of 224 and l?
28
Let a(f) = 3*f + 19. Let p be a(-5). Suppose -5*t = -4*c + 6, -c = -2*c + p*t - 4. Calculate the greatest common factor of c and 2.
2
Suppose -3*k + k - 8 = 0. Let a(q) = -q. Let p be a(k). Let l(c) = c**2 - 6*c + 13. Let y be l(9). What is the greatest common divisor of y and p?
4
Let w = -17 + -7. Let d be (-904)/w + 2/6. What is the highest common divisor of d and 19?
19
Let s = -13 + -9. Let h = -17 - s. Let l be (-2 - -22)*(8 - h). What is the highest common factor of l and 12?
12
Let u(f) = 3*f - 69. Let m = 145 - 121. Let t be u(m). Calculate the highest common divisor of t and 48.
3
Let l = 224 - 225. Let n(t) = 0 - 4*t + 0. Let f be n(l). What is the greatest common factor of 36 and f?
4
Let o be ((-5)/(-4))/(5/180). Suppose 3*a = 4*i + 23, i + 0 = 1. Calculate the highest common divisor of a and o.
9
Suppose 2*z + b - 190 = 0, -3*z + 475 = 2*z + b. Let l be z - 4/((-8)/2). Suppose -n - l = -4*n. Calculate the highest common divisor of n and 48.
16
Let y = -102 - -110. Calculate the highest common factor of y and 36.
4
Let s = 1261 + -617. What is the highest common divisor of 23 and s?
23
Suppose 164 - 64 = 5*y. Let l(o) = 6*o**2 - o + 2. Let p be l(1). Let c = p + y. What is the highest common factor of 9 and c?
9
Let k be 897/468 + (0 - 2/(-24)). Calculate the greatest common divisor of 73 and k.
1
Suppose 15 + 16 = y + 4*q, 0 = -2*y - 4*q + 58. What is the greatest common factor of y and 135?
27
Let v be (-5)/(((-4)/(-64))/(-1)). Suppose -7*y - v = -5*h - 3*y, 3*h = -3*y + 21. What is the highest common divisor of 36 and h?
12
Let g = 71 - 82. Let p(b) = b**2 + 3*b - 37. Let d be p(g). Calculate the greatest common divisor of 17 and d.
17
Let p(w) = -181*w - 3. Let s be p(2). Let d be (-5 + 0)/(s/60 + 6). What is the highest common factor of 12 and d?
12
Let z = -779 - -866. Calculate the greatest common factor of z and 12.
3
Let s(r) = -4 + r**3 - 9 + 11 - 7*r - 4*r**2. Let j be s(6). What is the greatest common factor of j and 56?
28
Let m(g) = 37*g**2 + 1. Let f be m(-1). Let a(b) = 4*b**2 + 16*b + 9. Let o be a(-6). Calculate the highest common factor of f and o.
19
Suppose -4*u - 12*u + 4400 = 0. Let i = u - 159. What is the highest common divisor of 87 and i?
29
Suppose -175 + 49 = -9*f. Calculate the greatest common divisor of 168 and f.
14
Let x be (20/(-14))/((-36)/(-42) + -1). Let d = -153 - -223. What is the highest common factor of d and x?
10
Let q(c) = -c**2 - 18*c + 14. Let f be q(-9). What is the greatest common divisor of f and 57?
19
Let w(z) = 2*z**3 + 76*z**2 + 209*z + 16. Let l be w(-35). Calculate the greatest common factor of 391 and l.
17
Let u be (2124 + 0)/(-2)*(-33)/66. Calculate the highest common divisor of 9 and u.
9
Let t = 828 - 744. Calculate the highest common factor of 4452 and t.
84
Suppose 3*j = -j - 20. Let x be (-3 + 1)/(-7 - j). Calculate the greatest common divisor of x and 8.
1
Let n be 6 + 2*(254 - 5). Calculate the highest common divisor of n and 56.
56
Suppose 2*m + 406 + 472 = n, 5*m - 25 = 0. Calculate the highest common divisor of 48 and n.
24
Suppose 11*y - 658 - 574 = 0. What is the highest common divisor of 176 and y?
16
Let i be (-82)/(-6) - (-1)/3. Let a = -11 + i. Suppose -7 = -a*w + 2*w. Calculate the highest common factor of w and 56.
7
Let t = 10 - 0. Let k be (-793)/(-143) - (-12)/(-22). What is the highest common factor of t and k?
5
Suppose 2 + 2 = 4*x. Let u be (-12)/3 - 19/(95/(-30)). What is the highest common divisor of u and x?
1
Let z be 11/(-44) - (-42)/8. Let m = -742 - -747. What is the greatest common factor of z and m?
5
Let y(k) = k**3 - 2*k**2 - 6*k + 1. Let v be y(5). Suppose 433 = 3*g + 88. What is the greatest common factor of g and v?
23
Suppose -5*b - 80 = -0*b. Let t be (0 + b/10)*-55. Let f be ((-154)/35)/(14/(-10) - -1). Calculate the highest common factor of t and f.
11
Let a = 26 - -10. Let v = 421 - a. Suppose -8 = -4*p, -5*t + v = p + 4*p. What is the greatest common divisor of t and 30?
15
Let z be 77/3 + 6/18. Suppose 9*x - 4*x = -555. Let m = -59 - x. Calculate the greatest common factor of z and m.
26
Let a(o) = o**3 + 13*o**2 - 17*o - 33. Let i be a(-14). Calculate the greatest common divisor of 486 and i.
9
Suppose -132*b = -136*b - 24. Let c = b + 41. Calculate the highest common divisor of 35 and c.
35
Suppose q + 853 - 94 = 2*y, -3*y + 1131 = q. Calculate the greatest common divisor of 7 and y.
7
Let b be -26*(-1 - (-135)/(-6)). Calculate the greatest common factor of b and 47.
47
Let d = 6 - 11. Let p be 4/d - (-57)/15. Calculate the highest common factor of 27 and p.
3
Let v be (-656)/(-6) + (-2)/(-3). Suppose g = 6*g + b - 30, -5*b = 25. Let x be (-300)/(-105)*g/2. What is the highest common divisor of v and x?
10
Let v be (-3)/1*112/(-12). Suppose -16 = -b + 5*l, 0*l + 5*l + v = -2*b. Let i be b/10 - (-804)/10. What is the greatest common factor of 32 and i?
16
Let h be (7 + -8)*-1 - -662. Calculate the greatest common divisor of h and 39.
39
Suppose 2*m = -u - u - 52, 4*u = -2*m - 52. Let j be ((-10)/(10/3))/(6/m). What is the highest common divisor of j and 104?
13
Let x = -26 + 28. Suppose -3*p = 5*k - p - 115, -x*k = 5*p - 67. What is the highest common divisor of 14 and k?
7
Let p = -334 + 576. Calculate the highest common divisor of 88 and p.
22
Let l(k) = -k**3 - 10*k**2 - 20*k - 17. Let p be l(-8). What is the highest common factor of 24 and p?
3
Let y be 110*(5 + 21/(-15)). What is the highest common factor of 18 and y?
18
Let q = -509 + 529. Calculate the greatest common factor of q and 44.
4
Suppose -13*h + 14*h + 58 = a, -4*a = 3*h - 232. What is the greatest common divisor of a and 261?
29
Let u(v) = -v - 8. Let s be u(-6). Let p = s - -16. What is the highest common factor of 98 and p?
14
Suppose 3*z + 1 = -2*b - 5, 0 = -b + 3*z + 15. Let h be 16 - ((-3)/(-3))/1. Calculate the highest common divisor of b and h.
3
Let u(h) be the third derivative of -h**4/12 + 23*h**3/3 + 16*h**2. Let a be u(19). What is the greatest common divisor of a and 88?
8
Let c(x) be the second derivative of x**4/12 - 5*x**3/2 - 21*x**2/2 + 4*x. Let p be c(17). Calculate the greatest common factor of 91 and p.
13
Suppose -4*v + 4065 + 1911 = 0. Calculate the greatest common divisor of 18 and v.
18
Let s be -10*(-5)/((-5)/(-4)). Let d = 9 - 4. Suppose 10*x - d*x = 50. Calculate the greatest common divisor of x and s.
10
Let r(h) = -2*h**2 - 15*h - 7. Let a be r(-7). Suppose a = -2*c + 10. Calculate the greatest common divisor of 15 and c.
5
Suppose -5*t + 0*t = -350. Calculate the greatest common factor of t and 350.
70
Let y be (-1638)/455*(-1 + (-7)/3). Calculate the highest common divisor of y and 30.
6
Let m(n) = 3*n - 7. Let c be m(9). Suppose 3*s - 66 = 114. Suppose -2*a = 0, 5*a - 20 - s = -u. Calculate the highest common divisor of u and c.
20
Suppose 0 = -a - 4, 2*a = -2*j - 7 + 17. What is the greatest common divisor of 1143 and j?
9
Let q be 1606/11 + 0 + -2. Suppose 6*f - 14*f + q = 0. Calculate the greatest common divisor of 27 and f.
9
Let j be ((3395/28)/(-5))/(1/(-4)). Suppose -55 = -2*z + j. Calculate the greatest common factor of 19 and z.
19
Let d be 9256/40 - (2 + 16/(-10)). Calculate the highest common factor of d and 308.
77
Let y(z) = 2*z - 3. Let q be y(2). Let i be (q/(5/8))/(2/15). Calculate the greatest common factor of 3 and i.
3
Suppose 6*r = 7*r - 4, x + 2*r - 664 = 0. Calculate the highest common divisor of 32 and x.
16
Let p(g) = -g**3 - 5*g**2 - 16*g - 8. Let o be p(-7). What is the highest common factor of o and 909?
101
Let z = -81 - -43. Let d = 60 + z. Calculate the greatest common factor of 176 and d.
22
Let q(s) = -s**3 + 5*s**2 - s + 1. Let i be q(4). Let u